11
List the prime factors of 29239040.
2, 5, 53, 431
List the prime factors of 2482564112.
2, 7, 22165751
List the prime factors of 27991787.
1091, 25657
What are the prime factors of 82419131?
19, 29, 101, 1481
What are the prime factors of 232548661?
17, 13679333
List the prime factors of 227420756.
2, 359, 158371
List the prime factors of 1584737775.
3, 5, 47, 277, 541
What are the prime factors of 263969882?
2, 11, 467, 25693
List the prime factors of 3338172538.
2, 1427, 1169647
List the prime factors of 1642932270.
2, 3, 5, 7, 7603
What are the prime factors of 14553581?
7, 17, 122299
List the prime factors of 276927846.
2, 3, 13, 3550357
What are the prime factors of 2286665181?
3, 19, 4457437
List the prime factors of 239191917.
3, 239, 271, 1231
What are the prime factors of 847620178?
2, 29, 14614141
What are the prime factors of 75301495?
5, 15060299
What are the prime factors of 2640889611?
3, 29, 313, 32327
List the prime factors of 265223919.
3, 17, 251, 20719
What are the prime factors of 304048131?
3, 101349377
List the prime factors of 678271184.
2, 347, 122167
List the prime factors of 323911929.
3, 11, 79, 124247
What are the prime factors of 236269311?
3, 1069, 73673
List the prime factors of 41924168.
2, 11, 13, 2819
What are the prime factors of 10221374?
2, 977, 5231
List the prime factors of 7691411028.
2, 3, 7, 2377, 5503
What are the prime factors of 878114735?
5, 19, 373, 24781
What are the prime factors of 26417092?
2, 13, 508021
List the prime factors of 107551763.
11, 1423, 6871
List the prime factors of 2559228.
2, 3, 7, 30467
List the prime factors of 45506167.
7, 23, 12289
What are the prime factors of 120049705?
5, 29, 827929
List the prime factors of 1341898391.
113, 379, 31333
What are the prime factors of 255055488?
2, 3, 17, 89, 439
What are the prime factors of 10133191?
41, 59, 71
List the prime factors of 814983879.
3, 2767, 98179
List the prime factors of 197093638.
2, 7, 1453, 9689
List the prime factors of 29868488.
2, 13, 43, 6679
What are the prime factors of 44334204?
2, 3, 43, 151, 569
List the prime factors of 131517.
3, 4871
What are the prime factors of 18440839?
29, 635891
List the prime factors of 40282369.
131, 331, 929
List the prime factors of 2444512784.
2, 7, 179, 17419
What are the prime factors of 4456076982?
2, 3, 7, 106097071
List the prime factors of 816876577.
11, 2503, 29669
What are the prime factors of 136384062?
2, 3, 22730677
What are the prime factors of 804044110?
2, 5, 139, 347, 1667
List the prime factors of 240985291.
277, 869983
List the prime factors of 98740710.
2, 3, 5, 41, 26759
List the prime factors of 653682011.
17, 23, 29, 57649
What are the prime factors of 1372965279?
3, 7, 65379299
What are the prime factors of 67765874?
2, 11, 113, 27259
What are the prime factors of 6090055443?
3, 151, 1493759
List the prime factors of 1529539584.
2, 3, 43, 11579
What are the prime factors of 138125197?
7, 83, 237737
What are the prime factors of 1613389117?
199, 8107483
What are the prime factors of 2419989755?
5, 483997951
List the prime factors of 4335667342.
2, 19, 647, 176347
What are the prime factors of 312999291?
3, 11, 17, 29, 53
What are the prime factors of 40201133?
7, 83, 69193
What are the prime factors of 297285136?
2, 317, 58613
What are the prime factors of 23451522?
2, 3, 3908587
List the prime factors of 314209007.
7, 223, 201287
What are the prime factors of 983765692?
2, 7, 13, 2702653
What are the prime factors of 881943139?
7, 11, 1297, 8831
What are the prime factors of 1248689780?
2, 5, 13, 17, 23, 71, 173
What are the prime factors of 594420775?
5, 13, 661, 2767
List the prime factors of 639170801.
241, 2652161
What are the prime factors of 4489067687?
13, 59, 5852761
What are the prime factors of 62493327?
3, 13, 181, 227
List the prime factors of 56169196.
2, 103, 136333
What are the prime factors of 178139936?
2, 13, 428221
What are the prime factors of 138448425?
3, 5, 17, 108587
What are the prime factors of 727143520?
2, 5, 151, 30097
What are the prime factors of 26272747?
2393, 10979
List the prime factors of 78206105.
5, 15641221
What are the prime factors of 61351278?
2, 3, 479, 21347
What are the prime factors of 2591708806?
2, 5701, 227303
List the prime factors of 21894801.
3, 89, 82003
List the prime factors of 6498101123.
521, 12472363
What are the prime factors of 642115883?
29, 41, 101, 5347
List the prime factors of 3620418932.
2, 13, 101, 689341
What are the prime factors of 51526858?
2, 25763429
List the prime factors of 68898622.
2, 13, 53, 49999
List the prime factors of 43405986.
2, 3, 13, 556487
What are the prime factors of 335730670?
2, 5, 11, 43, 70979
What are the prime factors of 36018122?
2, 7, 89, 137, 211
What are the prime factors of 1511186100?
2, 3, 5, 17, 199, 1489
What are the prime factors of 555958349?
555958349
What are the prime factors of 17883737?
53, 263, 1283
What are the prime factors of 252288841?
7, 173, 181, 1151
What are the prime factors of 19802667?
3, 181, 36469
List the prime factors of 232447633.
11, 241, 87683
List the prime factors of 4990078804.
2, 23, 31, 463, 3779
List the prime factors of 5079570662.
2, 59, 43047209
List the prime factors of 118923935.
5, 13, 71, 73, 353
List the prime factors of 2014086435.
3, 5, 79, 1699651
What are the prime factors of 20791417?
83, 250499
What are the prime factors of 5048782609?
13, 388367893
What are the prime factors of 2392209842?
2, 11, 17, 163, 39241
List the prime factors of 89270475.
3, 5, 7, 23, 7393
List the prime factors of 15568983.
3, 191, 3019
What are the prime factors of 6312121513?
31, 673, 302551
List the prime factors of 170180077.
170180077
What are the prime factors of 164063800?
2, 5, 820319
List the prime factors of 47341866.
2, 3, 11, 13, 23, 2399
List the prime factors of 883403228.
2, 23, 541, 17749
What are the prime factors of 1755546721?
193, 9096097
List the prime factors of 494545133.
157, 3149969
List the prime factors of 1164337924.
2, 23, 1093, 11579
What are the prime factors of 11462285?
5, 2292457
List the prime factors of 281623270.
2, 5, 23, 761, 1609
What are the prime factors of 99812764?
2, 24953191
What are the prime factors of 67323920?
2, 5, 841549
What are the prime factors of 100217908?
2, 7, 3579211
List the prime factors of 54400563.
3, 7, 41, 21061
What are the prime factors of 2509768984?
2, 677, 463399
What are the prime factors of 8726396?
2, 7, 19, 47, 349
List the prime factors of 698622380.
2, 5, 34931119
List the prime factors of 1618644468.
2, 3, 7, 47, 59, 6949
What are the prime factors of 890136004?
2, 67, 3321403
What are the prime factors of 5579657?
5579657
List the prime factors of 93728406.
2, 3, 19, 29, 28351
List the prime factors of 355362406.
2, 7, 43, 1721
What are the prime factors of 3581397748?
2, 197, 4544921
What are the prime factors of 81083160?
2, 3, 5, 193, 389
What are the prime factors of 1175981442?
2, 3, 3319, 59053
What are the prime factors of 24415479?
3, 11, 82207
List the prime factors of 359604128.
2, 13, 17, 50849
List the prime factors of 1139124325.
5, 45564973
List the prime factors of 191252408.
2, 37, 53, 73, 167
What are the prime factors of 859779339?
3, 286593113
List the prime factors of 696904567.
199, 467, 7499
List the prime factors of 114954875.
5, 7, 79, 1663
What are the prime factors of 1067752893?
3, 53, 107, 62761
List the prime factors of 6247253.
6247253
What are the prime factors of 6401540855?
5, 1280308171
List the prime factors of 92630262.
2, 3, 347, 44491
What are the prime factors of 1092182938?
2, 7, 11, 7092097
List the prime factors of 39821880.
2, 3, 5, 7, 47407
List the prime factors of 2210013867.
3, 736671289
What are the prime factors of 176122545?
3, 5, 89, 131927
What are the prime factors of 108570753?
3, 67, 60017
List the prime factors of 1200109450.
2, 5, 71, 83, 4073
What are the prime factors of 53736729?
3, 397, 45119
List the prime factors of 61541594.
2, 30770797
What are the prime factors of 1616117276?
2, 19, 109, 195089
What are the prime factors of 221137236?
2, 3, 2047567
List the prime factors of 31562922.
2, 3, 5260487
List the prime factors of 5948511590.
2, 5, 7, 84978737
What are the prime factors of 4